799353 a composite number?
True
Is 56631011 a prime number?
False
Is 42376343 composite?
False
Is 37165207 a composite number?
False
Is 719298329 a prime number?
True
Is 1314883 prime?
True
Is 26141513 composite?
False
Is 4483821 a composite number?
True
Is 713111 a composite number?
True
Is 141891803 prime?
False
Is 473633 prime?
True
Is 349546151 a prime number?
True
Is 2966351 prime?
True
Is 3037247 composite?
False
Is 448759 composite?
True
Is 341374955 prime?
False
Is 2543231 prime?
False
Is 1199222 a composite number?
True
Is 49698007 a prime number?
True
Is 426367061 composite?
False
Is 19549093 composite?
True
Is 8146291 composite?
False
Is 68844841 a prime number?
False
Is 1377281 a composite number?
False
Is 44225569 a prime number?
False
Is 323430421 a composite number?
True
Is 33667741 composite?
False
Is 122120261 composite?
False
Is 50662991 composite?
False
Is 22567591 prime?
False
Is 13283483 a prime number?
True
Is 43297115 composite?
True
Is 121737193 composite?
True
Is 14010989 prime?
False
Is 2600927 a prime number?
False
Is 885337 prime?
False
Is 249647 a composite number?
False
Is 16962217 prime?
True
Is 79225207 a composite number?
False
Is 74503771 composite?
False
Is 1169741 prime?
True
Is 1538909 prime?
True
Is 11618363 composite?
False
Is 76217677 a prime number?
True
Is 34166633 a composite number?
True
Is 160777 a prime number?
False
Is 3810977 composite?
True
Is 56109407 composite?
False
Is 25933307 a prime number?
True
Is 8315726 prime?
False
Is 105191179 a prime number?
False
Is 33235759 composite?
True
Is 74408869 composite?
True
Is 165653 prime?
True
Is 17673767 a composite number?
True
Is 183236309 a prime number?
True
Is 25117667 a prime number?
False
Is 8239054 a composite number?
True
Is 121807 a prime number?
False
Is 454117 composite?
True
Is 1566731 prime?
True
Is 3239213 a prime number?
False
Is 2772529 composite?
False
Is 41707517 a prime number?
False
Is 9300841 prime?
False
Is 10402571 composite?
True
Is 21754567 prime?
True
Is 35129407 composite?
True
Is 2634707 a prime number?
True
Is 10115509 composite?
False
Is 13644757 prime?
False
Is 26348333 composite?
True
Is 26965457 composite?
False
Is 2053127 a composite number?
False
Is 5449021 prime?
True
Is 84291063 a prime number?
False
Is 3350614 composite?
True
Is 9918121 prime?
True
Is 23391323 a prime number?
False
Is 299783 prime?
False
Is 32317001 a prime number?
False
Is 41714051 prime?
False
Is 11887277 a prime number?
True
Is 1754143 a prime number?
True
Is 121917721 composite?
True
Is 27025217 a composite number?
True
Is 918167563 a composite number?
False
Is 16718839 composite?
False
Is 1839133 a prime number?
True
Is 6736645 a prime number?
False
Is 254184617 a prime number?
False
Is 1590791 a composite number?
False
Is 32551193 a composite number?
True
Is 677461145 composite?
True
Is 43968259 a prime number?
True
Is 20058179 prime?
False
Is 15979313 a composite number?
True
Is 449759 a composite number?
False
Is 331076873 prime?
True
Is 150586693 composite?
False
Is 265278187 composite?
False
Is 670801 a prime number?
False
Is 1063629719 composite?
True
Is 100551593 prime?
True
Is 2547119 a composite number?
True
Is 39329 a composite number?
True
Is 1663573 prime?
False
Is 3474977 a prime number?
False
Is 58885711 a prime number?
True
Is 10743917 a composite number?
True
Is 39833767 a prime number?
True
Is 718121 prime?
True
Is 3002693 prime?
False
Is 7719763 composite?
False
Is 188121581 prime?
True
Is 1377800729 a composite number?
False
Is 157440079 prime?
True
Is 209835079 a composite number?
True
Is 307535 composite?
True
Is 1709927 prime?
False
Is 1568395 a prime number?
False
Is 4129469 a prime number?
False
Is 2907299 a prime number?
False
Is 5267957 prime?
False
Is 6745241 prime?
True
Is 18123551 composite?
True
Is 29773061 prime?
False
Is 271839107 a composite number?
True
Is 17680967 composite?
False
Is 24927829 composite?
True
Is 19293809 a prime number?
True
Is 2995051 prime?
True
Is 232164035 prime?
False
Is 396751 composite?
True
Is 66662699 a prime number?
True
Is 86137481 a prime number?
False
Is 62010266 a composite number?
True
Is 959207 a composite number?
False
Is 60149643 composite?
True
Is 5660111 a prime number?
False
Is 1670921 composite?
True
Is 1899637 prime?
True
Is 17294317 a composite number?
False
Is 78368867 a composite number?
False
Is 71683729 a composite number?
True
Is 7821211 composite?
False
Is 604949 composite?
False
Is 3444823 a prime number?
False
Is 142487 prime?
False
Is 50662889 composite?
False
Is 1720867 composite?
False
Is 86458781 a composite number?
False
Is 25693247 a composite number?
True
Is 3512699 a prime number?
True
Is 29009153 a composite number?
True
Is 37492881 composite?
True
Is 1054663 a prime number?
False
Is 30598871 prime?
True
Is 1009781 prime?
True
Is 905843 prime?
True
Is 66246515 a prime number?
False
Is 4636378 a prime number?
False
Is 2951699 prime?
True
Is 471937054 composite?
True
Is 1934351 composite?
False
Is 83890451 prime?
False
Is 89970385 a composite number?
True
Is 8349007 prime?
True
Is 40226939 a prime number?
False
Is 13813097 a prime number?
True
Is 7265473 a prime number?
True
Is 61070543 a prime number?
False
Is 142178173 a composite number?
False
Is 80081069 composite?
False
Is 56789637 prime?
False
Is 1028199829 composite?
False
Is 120736097 a composite number?
True
Is 38960081 a composite number?
False
Is 7817587 a composite number?
False
Is 420627271 a prime number?
True
Is 8916037 prime?
False
Is 22939979 a composite number?
False
Is 15665059 composite?
False
Is 298783 a prime number?
False
Is 178983799 composite?
False
Is 1739377 composite?
False
Is 87751249 composite?
False
Is 26575337 a composite number?
False
Is 2639731 a prime number?
False
Is 837149 composite?
False
Is 56627017 prime?
False
Is 1357526477 a prime number?
True
Is 35789911 prime?
True
Is 90741361 a prime number?
True
Is 4604291 a prime number?
True
Is 3612149 prime?
True
Is 39355499 a composite number?
True
Is 110283779 a prime number?
True
Is 34851821 composite?
False
Is 222137977 a composite number?
False
Is 668475991 prime?
True
Is 30811307 a prime number?
False
Is 40930198 composite?
True
Is 2418287 a composite number?
True
Is 67575203 a prime number?
True
Is 7820551 composite?
False
Is 1084217 composite?
False
Is 253524199 composite?
False
Is 4123020953 prime?
True
Is 2101429 prime?
False
Is 95163403 composite?
True
Is 147747973 prime?
True
Is 1350598 a prime number?
False
Is 73756429 a composite number?
True
Is 5050063 composite?
False
Is 524470117 composite?
False
Is 191840771 a composite number?
True
Is 125583571 a prime number?
True
Is 31897547 a composite number?
True
Is 856151 composite?
True
Is 1705157 composite?
False
Is 2943323 a prime number?
True
Is 8873927 a composite number?
False
Is 3690187 a composite number?
False
Is 35882033 a composite number?
True
Is 135168817 a composite number?
True
Is 7927421 a composite number?
False
Is 59529709 a prime number?
True
Is 1024189 a prime number?
True
Is 11636063 a prime number?
True
Is 110296393 prime?
False
Is 7584067 prime?
True
Is 582689 a prime number?
True
Is 10943645 composite?
True
Is 3949181 composite?
True
Is 17479235 a composite number?
True
Is 30943454 a composite number?
True
Is 600762401 a composite number?
True
Is 5048963 a prime number?
False
Is 20129518 a composite number?
True
Is 51032719 prime?
True
Is 53785309 prime?
False
Is 2294077 prime?
True
Is 34367939 composite?
False
Is 22900379 prime?
True
Is 6587219 composite?
False
Is 5765779 composite?
False
Is 37117703 a composite number?
True
Is 2414021 prime?
True
Is 386986463 composite?
True
Is 2268515 prime?
False
Is 49348469 composite?
True
Is 41334269 prime?
True
Is 14675461 prime?
True
Is 947170043 prime?
True
Is 4748397 a composite number?
True
Is 18254909 a prime number?
True
Is 21837391 a prime number?
True
Is 9585991 prime?
True
Is 9377059 prime?
True
Is 145750493 composite?
True
Is 61315391 composite?
False
Is 2998079 a prime number?
False
Is 50751289 a composite number?
True
Is 51015647 a prime number?
True
Is 20666707 a composite number?
True
Is 4934679 composite?
True
Is 8139529 prime?
True
Is 163308451 composite?
False
Is 19647367 a compo